89*g. What is the greatest common divisor of q and g?
8
Suppose 12558 = 301*j - 10619. What is the highest common divisor of j and 18018?
77
Let s be (-15)/24*-4*14. Suppose -936 = 29*b - s*b. What is the highest common divisor of b and 12?
12
Let b(d) = 2*d**3 - 7*d**2 + 3*d + 12. Let o be b(5). Suppose -1019*y - o = -1021*y. What is the highest common factor of 51 and y?
51
Let y = -825 - -821. Let s be 5/(-10) + (-342)/y - 4. Calculate the greatest common factor of s and 72.
9
Let z(g) = 494*g - 1841. Let m be z(5). Calculate the greatest common divisor of 74 and m.
37
Let s be (6/8)/((-25)/(-100)). Let z be 17/s + (-18)/27. Suppose -z*x - d + 1 = 0, 0*d + d = -4*x. What is the highest common divisor of 8 and x?
1
Suppose -4*b = u - 737, -3*b + 46 = -3*u - 503. Let q be 1/(-2*1/(-46)). What is the greatest common factor of q and b?
23
Let a = 179 + -68. Let f = a + -109. Calculate the greatest common divisor of 1 and f.
1
Suppose 0*s + 5*s = -3*n + 996, 9 = -3*n. Suppose -s*f - 115 = -206*f. What is the highest common divisor of f and 184?
23
Let i = 50 + -44. Let o(t) = t**2 - 11*t - 4. Let p be o(i). Let f = -22 - p. Calculate the greatest common divisor of f and 2.
2
Let g(o) be the third derivative of o**5/60 + 3*o**4/8 - 5*o**3/6 - 18*o**2. Let w be g(-11). Let d = 10 + w. Calculate the highest common factor of 36 and d.
9
Let f(s) = -4*s + 33. Let q(j) = 16*j - 88. Let k be q(6). Let h be f(k). What is the highest common factor of 9 and h?
1
Let k = 4768 + -3195. What is the highest common divisor of k and 484?
121
Let f(z) = -z**2 - 35*z + 22. Let m be f(-34). Calculate the greatest common divisor of m and 679.
7
Let x = -262 + 182. Let z be ((-21)/14)/(5/x). What is the highest common factor of 8 and z?
8
Let j be 165/(-33)*(0 + -1). Let l be (j/15)/(1/54). Calculate the greatest common factor of l and 306.
18
Let r = 3 - 2. Let k(p) = -p**3 - 15*p**2 + 16*p + 5. Let c(i) = -21*i**2 + 5*i. Let q be c(1). Let m be k(q). Calculate the highest common factor of m and r.
1
Suppose 13*r - 1370 = 736. Calculate the highest common divisor of 486 and r.
162
Let t be 2/62 - 368574/(-1457). What is the highest common divisor of t and 33?
11
Let l(b) = -b**3 + 4*b**2 - 3*b + 3. Let t be l(3). Suppose k = 17 - 14, k = t*y - 27. Calculate the greatest common divisor of y and 130.
10
Suppose 37*l - l = -18*l + 25704. Calculate the highest common divisor of 700 and l.
28
Let n be ((-946)/215)/(2/(-20)). Calculate the greatest common factor of 1991 and n.
11
Let q(x) = 524*x - 1789. Let g be q(15). What is the highest common divisor of g and 13?
13
Let c(i) = i**3 - 13*i**2 + 3*i + 59. Let l be c(12). Let f = 0 - l. What is the highest common divisor of f and 28?
7
Let b(n) = 4*n. Let u(w) = -7*w - 65. Let a be u(-9). Let l be -1 + 0 + 1/(a/(-8)). Let g be b(l). What is the highest common factor of 108 and g?
12
Let j = 3316 - 3276. Calculate the highest common divisor of 1640 and j.
40
Suppose 46*i = 20*i + 156. Suppose 3748 = i*t - 1274. Calculate the highest common factor of 31 and t.
31
Let s(m) = m**3 - m**2 - m + 2. Let o(j) = j**3 + 2*j**2 - 22. Let z(u) = -o(u) + 2*s(u). Let p be z(4). Calculate the highest common divisor of 666 and p.
18
Let a = -2004 - -5034. Calculate the highest common divisor of a and 404.
202
Let z = -22063 - -22113. Calculate the greatest common divisor of 1450 and z.
50
Let c = -1 - -1. Suppose -75*h = -134 - 16. Suppose c = 3*p + h*p - 135. What is the greatest common factor of p and 54?
27
Let h be (-20)/6*7236/(-335). Suppose 10*b + h = 12*b. Calculate the greatest common divisor of b and 306.
18
Let i(l) = -270*l + 1748. Let n be i(-4). What is the greatest common factor of 1010 and n?
202
Suppose 199*f + 2*c = 200*f - 3, -2*f + 5*c + 5 = 0. Let k = -17 - -21. Suppose 0 = -k*p + 16 + 4. Calculate the greatest common factor of f and p.
5
Let y = -167346 + 167913. Let a be 1*-6*14/(-4). What is the greatest common factor of a and y?
21
Suppose -2*i + 4*o = 4*i - 98, -4*i = -5*o - 63. Suppose 0 = -3*u - 4*t + 110, -u + 5*t + 33 = 9. What is the greatest common divisor of i and u?
17
Suppose -5*s - p = -698, -4*s - 3*p + 462 = -92. Let x be (20/16)/5 + (-239)/(-4). What is the greatest common divisor of x and s?
20
Let i(y) = 13*y - 61. Let q be i(5). Suppose 4 = -8*g + 12*g + 4*h, 0 = -2*g - q*h - 4. What is the greatest common factor of 34 and g?
2
Suppose 0 = -2*i - 3*y + 5077, 10105 = 138*i - 134*i - y. Calculate the greatest common factor of i and 64.
32
Let j = 1702 - 1651. Calculate the greatest common factor of 170 and j.
17
Suppose 0 = -3*r + r + 60. Let g(o) = -o**2 - 11*o + 18. Let c be g(-12). Suppose 3*i - 180 = -c*i. What is the highest common divisor of r and i?
10
Let i be (5 - 1)*(-1 - -2). Let w be (-13)/((-676)/3336) - 62/403. Calculate the greatest common divisor of w and i.
4
Suppose -382*h + 317*h + 67600 = 0. Calculate the greatest common factor of h and 88.
8
Suppose 16 = 4*j + 4*y, 5*y = 3*j + 32 - 68. Suppose -5*c + 0*c = 4*d - 369, 0 = -3*d - 12. What is the greatest common divisor of j and c?
7
Let g(y) = 4*y**2 - y. Let i be g(5). Let h be (-16)/56 + (24774/21)/(-1). Let m be 12/(-18) - (h/12)/5. What is the greatest common factor of m and i?
19
Let n = -69 - -98. Suppose -3*x + 33 = -3*r, -4*x = -3*r + 4*r - n. Calculate the greatest common factor of 2 and x.
2
Let s(x) = 2*x**2 - 93*x + 2466. Let z be s(46). Calculate the highest common factor of z and 70.
10
Let q be (-3)/(3/4) - 1/1. Let y be 72 - ((-180)/(-100) - (-4)/q). Calculate the greatest common divisor of 355 and y.
71
Let x(g) = 2*g**2 - g + 5. Let n be x(0). Let h be 6/(21/14*8/6). Let u be h - (8/(-10))/(22/1705). What is the greatest common divisor of u and n?
5
Suppose 2*o - 16 = -3*w, 4*o + 0*w = -2*w + 16. Let b(x) = -7 + x**o - 25*x + 46*x - 19*x. Let l be b(-4). What is the highest common divisor of l and 7?
1
Suppose -n = -19 - 23. Let a be (-27)/6 - 18/(-12). Let s be ((-126)/(-8))/(a/(-12)). What is the greatest common factor of n and s?
21
Let y = -2875 + 2921. Let w(i) = 13*i**2 - i + 2. Let q be w(5). Calculate the greatest common divisor of q and y.
46
Suppose 75350 = 55*z - 255695. What is the highest common divisor of z and 13?
13
Suppose -13*j + 4396 = 1237. Calculate the greatest common factor of 2241 and j.
27
Let h(u) be the third derivative of u**6/60 - 17*u**5/30 - u**4/24 + 35*u**3/6 + 21*u**2. Let v be h(17). Calculate the greatest common factor of v and 153.
9
Suppose -55*z + 62*z = 210. Let w(x) = x**2 + 13*x - 8. Let u = -19 + 5. Let o be w(u). What is the greatest common divisor of o and z?
6
Let f be (10*533)/(5 + (-3 - 0)). What is the greatest common factor of 65 and f?
65
Let w = 38244 + -38229. Suppose 5*o = -110 - 145. Let h be 28/(-1 - o/45). Calculate the greatest common factor of w and h.
15
Let x = -14991 - -15127. Calculate the greatest common factor of 524 and x.
4
Let n(r) = -34*r + 233. Let i be n(5). What is the highest common factor of 672 and i?
21
Let w = -241 + 238. Let c(z) = -9*z - 24. Let u be c(w). What is the highest common factor of u and 111?
3
Suppose 2932*l - 2959*l + 7992 = 0. Calculate the greatest common divisor of l and 8.
8
Let l = 1089 - 1073. Calculate the highest common divisor of l and 3448.
8
Suppose -5*t = -y + 220, -y + 8 = 5*t - 132. Calculate the highest common factor of y and 258.
6
Suppose 0 = 37*h - 7*h - 360. Suppose -n + h = q, 4*q - 57 = -35*n + 30*n. What is the highest common factor of n and 333?
9
Let d(m) = -205*m - 11. Let x be d(-3). Let l = x - 454. What is the greatest common divisor of 6 and l?
6
Suppose -5*n = -233*a + 238*a - 4525, -2*n + 1805 = -3*a. Calculate the highest common divisor of 339 and n.
113
Let i(k) = -k**3 + 7*k**2 + 14*k - 2. Let d be i(-15). Calculate the greatest common factor of 46 and d.
46
Let c(i) = -1 - 31 + 383*i - 349*i. Let g be c(8). Let h be ((-2)/(-4))/(8/240). What is the highest common divisor of h and g?
15
Let q = -1826 + 2253. What is the highest common factor of q and 63?
7
Let l = -418 + 456. Suppose 5*a = 2*a + 3*b + 18, 0 = a + 3*b - 2. Let t(s) = 4*s - 1. Let j be t(a). Calculate the greatest common divisor of j and l.
19
Let j be (12/198 + (-279)/(-297))*(-196)/(-2). What is the highest common 